, what is 12 + -253?
-241
In base 3, what is 11112202 + 21?
11120000
In base 15, what is -3 + 318?
315
In base 2, what is 111 - 100110?
-11111
In base 2, what is -101010 + -10?
-101100
In base 8, what is -24 + 332?
306
In base 7, what is -1343 + -4?
-1350
In base 9, what is -1 + -145?
-146
In base 5, what is -23 - -10323?
10300
In base 3, what is -10120 + 2212?
-201
In base 14, what is 15 - -3ab?
3c2
In base 3, what is 1220 - 1220?
0
In base 7, what is 4 - -3012?
3016
In base 16, what is -7 - -b4e?
b47
In base 14, what is 25 + -29?
-4
In base 6, what is -3052 + -3?
-3055
In base 13, what is -56 + -4?
-5a
In base 7, what is -4 - 16?
-23
In base 7, what is 3 - -124?
130
In base 7, what is 3 - 1443?
-1440
In base 6, what is -2 + -141?
-143
In base 12, what is -295 + 16?
-27b
In base 13, what is 8 + -26?
-1b
In base 4, what is 1 + 10121?
10122
In base 6, what is 240 + -34?
202
In base 5, what is -1 - -2224?
2223
In base 8, what is -11 + -440?
-451
In base 7, what is 53 + -22?
31
In base 16, what is -2d8 + 4?
-2d4
In base 8, what is -3240 + 13?
-3225
In base 8, what is 236 + -235?
1
In base 4, what is -2031331 + -3?
-2032000
In base 6, what is 1105 + 1?
1110
In base 4, what is 1103 + 303?
2012
In base 12, what is 33 - -71?
a4
In base 2, what is 1110 + -11001?
-1011
In base 12, what is -b + 15?
6
In base 2, what is -1111010010001 - 1?
-1111010010010
In base 5, what is 21 + 2400?
2421
In base 15, what is -303b - 2?
-303d
In base 16, what is 3 + 7e6?
7e9
In base 6, what is 1215 - 0?
1215
In base 3, what is 212001 + -11?
211220
In base 15, what is 0 + -3?
-3
In base 11, what is -3 - -375a?
3757
In base 7, what is 44 - -5?
52
In base 14, what is 39 + -73?
-38
In base 11, what is -23 + 4?
-1a
In base 4, what is 1111021 + 3?
1111030
In base 2, what is -1011 + 10110?
1011
In base 12, what is 16 + -18?
-2
In base 10, what is 2 - -7?
9
In base 6, what is -120421 + -3?
-120424
In base 14, what is 133 + -9?
128
In base 2, what is 11 + 11?
110
In base 12, what is -a40 - 5?
-a45
In base 11, what is 24 + -106?
-92
In base 5, what is 4 + -14103?
-14044
In base 4, what is -10 - 11?
-21
In base 7, what is -63 - -6?
-54
In base 8, what is 22172 - 3?
22167
In base 13, what is 238 - 3?
235
In base 5, what is -130 - -4?
-121
In base 11, what is -5 - 3a0?
-3a5
In base 5, what is -20140 - -3?
-20132
In base 10, what is 38460 + -2?
38458
In base 3, what is 10212001 + 11?
10212012
In base 11, what is -7 + -13?
-1a
In base 14, what is 1 - 34d?
-34c
In base 2, what is 1 - 10010011?
-10010010
In base 7, what is -3 + -5344?
-5350
In base 2, what is -10010111 - -101?
-10010010
In base 10, what is -173 - -56?
-117
In base 16, what is -182 + -10?
-192
In base 6, what is -113 + 1002?
445
In base 13, what is 49 + -78?
-2c
In base 4, what is 2 - -11133?
11201
In base 5, what is -10304 - 1?
-10310
In base 11, what is 5 - 232?
-228
In base 13, what is 1 + -a3a?
-a39
In base 10, what is -5 + -3940?
-3945
In base 2, what is 101 + 1000000010101?
1000000011010
In base 9, what is 13 + 20?
33
In base 4, what is -10 - 21100?
-21110
In base 14, what is -43b4 + 1?
-43b3
In base 6, what is 11331 + 5?
11340
In base 4, what is -2 + -1010?
-1012
In base 11, what is -5 - -89?
84
In base 2, what is -10 + 1011101?
1011011
In base 16, what is -3 - b2?
-b5
In base 14, what is 4 - 16b?
-167
In base 5, what is 10 + 3004?
3014
In base 13, what is 136 - -1?
137
In base 4, what is -213 - 230?
-1103
In base 7, what is -563 - 6?
-602
In base 10, what is 244 - 1?
243
In base 12, what is 3 + -1b?
-18
In base 16, what is -6 - fc?
-102
In base 9, what is -27 + -187?
-225
In base 15, what is -2e - -7?
-27
In base 5, what is 4 + 2012?
2021
In base 5, what is 1 - 30?
-24
In base 15, what is a2 - -5?
a7
In base 15, what is 4 + -2b4?
-2b0
In base 11, what is -851 + 9?
-843
In base 4, what is 21 - 2121?
-2100
In base 12, what is -3 + 2271?
226a
In base 16, what is -5 + -35?
-3a
In base 3, what is -11 - -2001?
1220
In base 11, what is 3 + -841?
-839
In base 10, what is -2 - -33?
31
In base 6, what is 1 - -325?
330
In base 16, what is fff + 0?
fff
In base 6, what is 1003 + -4?
555
In base 16, what is -aa + -1?
-ab
In base 16, what is 1d65 - 5?
1d60
In base 6, what is 13 - 313?
-300
In base 15, what is -182 + -1?
-183
In base 10, what is -215 + -5?
-220
In base 12, what is -1bb + 3?
-1b8
In base 7, what is -122 - -315?
163
In base 16, what is 0 - a32?
-a32
In base 14, what is -123 + 9?
-118
In base 12, what is -6 + 18?
12
In base 12, what is -4 + -94b?
-953
In base 2, what is 1001001 + -11?
1000110
In base 6, what is -31521 + -2?
-31523
In base 5, what is -13 - -2020?
2002
In base 9, what is -223 - 2?
-225
In base 9, what is 4438 + 4?
4443
In base 5, what is 1222 - 100?
1122
In base 8, what is 22 + -1012?
-770
In base 16, what is -5 + 981?
97c
In base 7, what is -232 + 11?
-221
In base 6, what is -101 - -11?
-50
In base 16, what is 4 - db?
-d7
In base 16, what is 2d4 + b?
2df
In base 2, what is 111 - -1000011101010?
1000011110001
In base 5, what is -3 + 4331?
4323
In base 16, what is -1410 - -4?
-140c
In base 3, what is -102 - -12?
-20
In base 4, what is 1312 + 0?
1312
In base 2, what is 11101100 + 1?
11101101
In base 2, what is 101 - -100111011?
101000000
In base 9, what is 83 - -1?
84
In base 4, what is 11002 - 1?
11001
In base 12, what is -3 - 2217?
-221a
In base 14, what is -1 - 25?
-26
In base 14, what is 4 - -40?
44
In base 3, what is -221121112 - 1?
-221121120
In base 3, what is 0 + 1011?
1011
In base 8, what is -24417 - 5?
-24424
In base 10, what is -2 + 32?
30
In base 4, what is -1231210 + 1?
-1231203
In base 14, what is a - 3d4?
-3c8
In base 11, what is -25 - -1?
-24
In base 11, what is 365 - 5?
360
In base 12, what is -7 - -1?
-6
In base 4, what is -10 - 220?
-230
In base 2, what is 1010111 + 10101?
1101100
In base 6, what is 1 - -221?
222
In base 12, what is 47 + 2a?
75
In base 16, what is 147 - 3?
144
In base 9, what is 622 - -5?
627
In base 7, what is 5 - 4025?
-4020
In base 8, what is -465 + 4?
-461
In base 16, what is -12 - 1?
-13
In base 9, what is 45 - -7?
53
In base 15, what is 79 - 31?
48
In base 10, what is 24783 - 0?
24783
In base 7, what is 15250 - -3?
15253
In base 9, what is 467 + 0?
467
In base 8, what is -4 + 50?
44
In base 7, what is 5505 + 5?
5513
In base 8, what is -12 - -26?
14
In base 9, what is 532 - -54?
586
In base 11, what is 30 + -13?
18
In base 15, what is -6 - 2e?
-35
In base 14, what is -12 - -25?
13
In base 6, what is 1050 - 2?
1044
In base 13, what is -60 + -27?
-87
In base 15, what is -1 + 16?
15
In base 12, what is -115 - -1?
-114
In base 15, what is 2 + -21?
-1e
In base 10, what is -10897 + -3?
-10900
In base 11, what is -4 - 2709?
-2712
In base 13, what is -95a + -1?
-95b
In base 4, what is -10 - -110?
100
In base 12, what is -6 - -33?
29
In base 8, what is 41 + 1?
42
In base 9, what is -466 + -81?
-557
In base 16, what is -3 - 2?
-5
In base 6, what is 45023 + -3?
45020
In base 2, what is 1111 - 100001100?
-11111101
In base 15, what is -6 + 19?
13
In base 3, what is 22 + 12000?
12022
In base 7, what is 12 - 1?
11
In base 13, what is 178 + 24?
19c
In base 15, what is 3438 + -3?
3435
In base 4, what is -3 - -1001?
332
In base 8, what is -427 + -1?
-430
In base 12, what is -71 - -7?
-66
In base 11, what is 958 - -1?
959
In base 10, what is 22 + 8?
30
In base 7, what is 24 - -16?
43
In base 15, what is -85 - -53?
-32
In base 7, what is 5 + 6010?
6015
In base 5, what is 233 - 4?
224
In base 8, what is -125 - -5?
-120
In base 9, what is -30 - 254?
-284
In base 8, what is 2 - -646?
650
In base 7, what is -4 - 214?
-221
In base 10, what is -5 - 3807?
-3812
In base 10, what is 128 - 17?
111
In base 9, what is -184 + 14?
-170
In base 3, what is 12012 + 11?
12100
In base 11, what is -1 + 13?
12
In base 5, what is 2 - -343?
400
In base 14, what is 4 + 3b?
41
In base 6, what is 50 + 11?
101
In base 13, what is a + 17c?
189
In base 9, what is -1021 + 40?
-871
In base 12, what is 4 + -20?
-18
In base 13, what is -8 - -70?
65
In base 9, what is 4 - -1644?
1648
In base 8, what is 317 + 4?
323
In base 11, what is 231 + -2?
22a
In base 2, what is -111101 + -1?
-111110
In base 12, what is 22b - -5?
234
In base 11, what is 1 + 219?
21a
In base 13, what is 174 - 1?
173
In base 9, what is 1772 +